e the highest common factor of 43745984 and 8016.
2672
What is the highest common divisor of 90782398 and 98?
98
What is the greatest common factor of 58090683 and 1785?
357
What is the greatest common factor of 73697427 and 9?
9
Calculate the highest common factor of 5978588 and 17738.
98
Calculate the highest common factor of 1982533 and 121765.
497
Calculate the highest common divisor of 1518 and 13944601.
253
Calculate the highest common factor of 6 and 81771222.
6
Calculate the highest common factor of 2075 and 273750185.
415
Calculate the highest common factor of 502065902 and 52.
26
Calculate the greatest common divisor of 739831260 and 168.
84
What is the greatest common factor of 12160 and 62915?
5
Calculate the highest common factor of 8833820 and 5.
5
What is the highest common factor of 2 and 3351329?
1
Calculate the greatest common divisor of 17249 and 2516152.
367
Calculate the greatest common divisor of 29625 and 7584750.
375
What is the greatest common factor of 334113 and 201279?
507
Calculate the greatest common divisor of 244 and 10870505.
61
Calculate the highest common factor of 26237967 and 147.
21
What is the greatest common divisor of 247 and 1301082380?
247
What is the highest common divisor of 1933 and 331120967?
1933
Calculate the greatest common divisor of 41691 and 43147.
13
What is the highest common divisor of 152844747 and 387?
129
What is the highest common divisor of 171 and 29809461?
57
What is the highest common factor of 109369 and 109980?
611
What is the greatest common divisor of 849 and 650431918?
283
What is the greatest common factor of 720 and 3219320?
40
What is the highest common factor of 20 and 2187305?
5
What is the highest common factor of 1746 and 16569?
9
What is the greatest common divisor of 5527372 and 21274?
1934
What is the highest common divisor of 951507 and 1649?
17
Calculate the greatest common divisor of 14772 and 14805237.
3693
What is the greatest common factor of 16465 and 1162910?
185
Calculate the greatest common factor of 8410 and 158630.
290
Calculate the highest common factor of 701643529 and 3004.
751
What is the greatest common divisor of 8148 and 701750574?
4074
Calculate the highest common factor of 490644742 and 588.
98
Calculate the greatest common factor of 27135 and 516905.
335
Calculate the highest common factor of 225726 and 22746.
102
Calculate the greatest common divisor of 28579 and 27.
1
Calculate the greatest common divisor of 372 and 28849344.
372
Calculate the highest common divisor of 13057 and 138278378.
1187
What is the highest common divisor of 32939592 and 72?
24
Calculate the greatest common factor of 34272 and 551803.
119
What is the highest common divisor of 555238 and 1460?
146
Calculate the greatest common divisor of 2148 and 6588453.
537
Calculate the greatest common divisor of 411804 and 871906.
2542
Calculate the greatest common divisor of 247 and 157246869.
247
Calculate the greatest common divisor of 18877830 and 6840.
570
What is the greatest common factor of 12025 and 1350975?
25
What is the greatest common factor of 2520 and 1921668?
84
Calculate the greatest common factor of 397870 and 4510.
110
What is the highest common divisor of 11000 and 91044250?
2750
What is the greatest common divisor of 525088 and 160?
32
What is the highest common factor of 420237 and 12879?
477
What is the greatest common divisor of 807 and 314508?
3
Calculate the greatest common factor of 154243202 and 2.
2
Calculate the highest common factor of 31590812 and 46788.
2228
Calculate the highest common factor of 12 and 76683.
3
What is the highest common factor of 626420 and 28740?
20
What is the greatest common divisor of 3392175 and 5239?
31
Calculate the highest common factor of 223199 and 40321.
61
What is the highest common divisor of 85801 and 352897?
359
What is the highest common divisor of 1591166720 and 572?
572
What is the greatest common factor of 76352 and 7976398?
2386
What is the greatest common factor of 26152 and 13?
1
What is the highest common factor of 21142660 and 154?
154
What is the greatest common factor of 1417316705 and 35?
35
Calculate the highest common factor of 190712 and 12772.
124
Calculate the greatest common divisor of 2856925 and 160.
5
What is the highest common divisor of 44392 and 3120328?
1432
What is the greatest common factor of 28586985 and 105?
105
Calculate the greatest common factor of 2248094 and 1586.
122
What is the highest common divisor of 3112 and 753992?
8
Calculate the greatest common divisor of 47453860 and 2320.
580
What is the greatest common divisor of 1256960 and 18139504?
7856
Calculate the greatest common factor of 20897556 and 20559.
267
What is the greatest common factor of 699576 and 6792?
6792
Calculate the highest common factor of 84 and 32200252.
28
Calculate the greatest common divisor of 1549901 and 49059.
1817
What is the highest common factor of 10107722 and 2?
2
What is the greatest common divisor of 2214 and 2786196?
246
Calculate the highest common factor of 565798430 and 10.
10
Calculate the greatest common factor of 8845 and 43964.
29
Calculate the highest common divisor of 8184 and 1700536.
248
What is the greatest common factor of 3353489 and 1753?
1753
What is the highest common factor of 46 and 38527645?
23
Calculate the highest common factor of 2373 and 31273428.
339
Calculate the highest common factor of 9270170 and 3050.
610
What is the highest common factor of 391725 and 2475?
225
What is the highest common factor of 48 and 3912816240?
48
Calculate the highest common factor of 40 and 2642280.
40
What is the highest common divisor of 770 and 18685205?
385
What is the highest common divisor of 19491 and 11809137?
219
Calculate the highest common factor of 50927 and 402971.
127
Calculate the highest common factor of 8336831 and 11889.
1321
Calculate the greatest common factor of 273627 and 15507.
9
What is the greatest common divisor of 35364 and 196?
28
Calculate the highest common divisor of 11055407 and 36663.
121
Calculate the highest common divisor of 54116 and 2124.
4
What is the greatest common divisor of 16345 and 21220013?
467
What is the greatest common divisor of 8934165 and 945?
135
What is the highest common divisor of 171226880 and 10?
10
Calculate the greatest common divisor of 66803163 and 1239.
1239
What is the greatest common divisor of 860842450 and 59?
59
Calculate the highest common divisor of 1148 and 23374428.
1148
Calculate the greatest common divisor of 2092425 and 9315.
345
Calculate the highest common factor of 10179 and 38178.
27
What is the highest common divisor of 600 and 5262960?
120
What is the greatest common factor of 3040922 and 460?
46
What is the highest common divisor of 6020 and 259263340?
6020
What is the highest common factor of 2307787 and 10482?
1747
What is the highest common factor of 37664 and 1333541?
1177
What is the highest common divisor of 14 and 33845322?
14
Calculate the greatest common factor of 8824 and 1514419.
1103
Calculate the highest common divisor of 80 and 577602.
2
Calculate the highest common divisor of 735558 and 590046.
258
What is the highest common factor of 52 and 308118512?
52
Calculate the highest common factor of 3414909979 and 13.
13
What is the greatest common divisor of 936 and 297816?
24
What is the highest common divisor of 316 and 1894578?
158
What is the greatest common factor of 152048 and 17272?
136
What is the greatest common divisor of 15646904 and 910?
182
What is the highest common divisor of 193749 and 3930?
393
Calculate the highest common divisor of 83127135 and 30940.
455
Calculate the highest common factor of 113681256 and 159456.
3624
What is the highest common factor of 2776 and 33921332?
1388
What is the greatest common divisor of 7018024 and 650?
26
Calculate the highest common divisor of 3087 and 6209.
7
What is the greatest common factor of 123690 and 46930380?
3990
What is the highest common divisor of 107 and 21023039?
107
What is the greatest common divisor of 344 and 44380214?
86
What is the highest common factor of 4378036 and 708?
236
What is the greatest common factor of 281235627 and 837?
279
Calculate the highest common factor of 164072502 and 18.
18
Calculate the highest common